12. What are the prime factors of (2 + -4)*c/(-3)?
2
Let h(f) = f + 39. What are the prime factors of h(0)?
3, 13
Suppose -5*v - 16 = 3*f, 4*f + f = -2*v - 14. List the prime factors of f + (1 - 2) + 31.
2, 7
Suppose 5 - 1 = 2*i, 3*i - 105 = -3*r. What are the prime factors of r?
3, 11
Suppose 3*z + 0*w - 284 = -5*w, w = -2. What are the prime factors of z?
2, 7
Let d = -18 - -9. Let n = d - -6. Let k = 0 - n. List the prime factors of k.
3
Suppose -192 + 510 = 3*b. What are the prime factors of b?
2, 53
Let u(k) = -k**3 - 2*k**2 + 2*k - 5. What are the prime factors of u(-4)?
19
Suppose 1 = -x + b + 3, 3*b = 5*x - 18. Let y(c) = 2*c + x - 18 + 2*c**2 + 9*c - 3*c**2. What are the prime factors of y(9)?
2, 3
Suppose d + o + 4 = 11, 43 = 4*d - o. Let l(s) = -2*s**3 - 4*s - 3. Let u be l(-2). Let q = u - d. What are the prime factors of q?
11
Let v = 3 + -4. Let h(s) = s**2 + 3 + 0 - 2*s - 4. What are the prime factors of h(v)?
2
Let y(c) = -8*c - 7. Let j(d) = d + 1. Let q(w) = -28*j(w) - 4*y(w). Let v be q(4). Suppose -1 = 3*p - 7, -5*p + v = 2*i. List the prime factors of i.
3
What are the prime factors of 48/72 - (1 - (-74)/(-6))?
2, 3
Let d be -5*(3 + 0 + -4). Suppose -d*r + 3*h = -14 - 1, 4*h - 20 = 0. What are the prime factors of r?
2, 3
Let p(m) = -13*m**2 + 2. Let g(k) = -66*k**2 + 11. Let w(a) = 2*g(a) - 11*p(a). Suppose 14 = -x - 5*i, 5*i = -2*x + 3*i - 4. What are the prime factors of w(x)?
11
Let k(o) = -23*o + 35. What are the prime factors of k(-7)?
2, 7
Suppose 0 = -4*o - 3*d - 7, 2*o = -2*o + 2*d - 2. What are the prime factors of (-10*1 + o)/(-1)?
11
Suppose -2*a = 4*l + 12, 4*l - 3*a + 0*a + 12 = 0. Let v be (-216)/l - 6/3. Suppose -2*w = 3*w - v. List the prime factors of w.
2, 7
Let g = 113 - 18. Suppose -2*x - 67 = -5*j - 4*x, 5*j = 5*x + g. What are the prime factors of j?
3, 5
Let x(s) = s**3 - 8*s**2 + 6*s - 9. Let f be ((-14)/4)/(4/(-8)). Let v be x(f). Let j = v + 31. What are the prime factors of j?
3, 5
Let j(z) = -z**2 + 16*z + 17. List the prime factors of j(12).
5, 13
Suppose -3*l + 9 = -3*q, 0*q = -2*l + 3*q + 7. Let p be 1 + 0 + 6/l. Suppose 47 + 9 = p*b. What are the prime factors of b?
2, 7
Suppose 5*k = -3*m + 658, -m + 390 = 3*k + 2*m. List the prime factors of k.
2, 67
Let t(i) = 10*i. Suppose 11 + 1 = 3*y + 3*l, 0 = 3*y - l. List the prime factors of t(y).
2, 5
Suppose -10*z + 3 = -147. What are the prime factors of z?
3, 5
Let u = 52 - 9. List the prime factors of u.
43
Let n = -25 + 57. What are the prime factors of n?
2
Suppose 390 = -4*f + 10*f. What are the prime factors of f?
5, 13
Let v be 3 - 39*(-1 + 0). Let w be (-324)/v + (-2)/7. Let z(u) = -2*u + 3. List the prime factors of z(w).
19
Let r(s) = -13*s - 3. Let d be r(-3). Suppose -4*x - 3*v = -v - d, -5*x - v = -48. List the prime factors of x.
2, 5
What are the prime factors of 67 + 0/1*1?
67
Let a be (-3 + 0)*(-21)/9. Let s = a + 15. List the prime factors of s.
2, 11
Let z be (-3)/5 - 3/(-5). Let b(v) = -4*v + z - 1 - 4. List the prime factors of b(-4).
11
Let r = -6 - -8. Suppose r*x = -x + 6. Suppose j + x*j = 24. List the prime factors of j.
2
Suppose 4*g - 3 = -o + 1, -3*o = -g - 25. Suppose -o = -h - 1. What are the prime factors of h?
7
Let x(n) = -4 + n**2 + 6 + 2*n**2 - 3. What are the prime factors of x(-1)?
2
What are the prime factors of ((-102)/(-9))/(2/3)?
17
Suppose 3*p + 28 = -p. Let h(z) = 7 + z**2 - 1 - 3 + 7*z. List the prime factors of h(p).
3
Let o = -9 + 20. Let k = 15 - o. Suppose -k*m + 13 = -55. What are the prime factors of m?
17
Let y be (-2)/(-3) - (-363)/9. Suppose r - 7 - 17 = 0. Let n = y - r. List the prime factors of n.
17
Let s(c) = -7*c - 14. List the prime factors of s(-6).
2, 7
Let g be -6*(2/2)/(-1). Let w be (-50)/(3/g*-4). Suppose 2*q = k + 7, q - w = -q - 5*k. List the prime factors of q.
5
Suppose -20 = 5*x - 420. List the prime factors of x.
2, 5
Suppose -2*k + 9 = -11. Suppose 5*t = -5 - 5. Let p = k + t. What are the prime factors of p?
2
Let c(j) = j + 5. What are the prime factors of c(14)?
19
Let i be 0 - (-1 + (-2 - -2)). Let y be i - -1 - 0 - -1. Suppose o + 26 = y*o. What are the prime factors of o?
13
Suppose 84 = 8*n + 6*n. What are the prime factors of n?
2, 3
Let n be (-2)/(-4) - 7/2. List the prime factors of (0 - -2)*(1 - n).
2
Suppose 3*r - 41 = d, -5*r + 75 = 2*d - 5*d. What are the prime factors of r?
2, 3
Suppose -24 = m - 3*k - 0*k, m + 8 = -5*k. Let o = m + 23. What are the prime factors of o?
5
Suppose 7 = -4*a - 37. Let f = a + 15. Let d = f + 10. List the prime factors of d.
2, 7
Let d(j) = 35*j - 1. Let z be d(1). Suppose z = -3*i + 91. List the prime factors of i.
19
Let v(f) = 8*f**2 - 1. Let a be v(1). Suppose 4*k = a + 41. Suppose 2*j + 3*i - 22 = -2*j, 2*i = -2*j + k. List the prime factors of j.
2
Let h be ((-48)/32)/((-3)/88). Suppose -n - 4 + h = -5*b, n + 2*b - 12 = 0. List the prime factors of n.
2, 5
Let k(b) = 29*b + 11. What are the prime factors of k(6)?
5, 37
What are the prime factors of (-8)/(-10)*(-275)/(-5)?
2, 11
Let p = 140 - 50. What are the prime factors of p?
2, 3, 5
Let t be 2 - 0*(-3)/(-9). Suppose 3*g = -o - 14, t*o + 14 = 5*o - 5*g. Let b = o - -7. List the prime factors of b.
5
List the prime factors of (-12)/(-1 - -4) + 213.
11, 19
Let b be 0/((-2)/(5 - 3)). Suppose 0 = -3*n - 8*f + 4*f + 17, -3*n + 3*f + 3 = b. Suppose n*m - 28 - 32 = 0. What are the prime factors of m?
2, 5
Suppose g - 10 = -5*b, 0 = g - b + 6 - 16. Let j = 6 - g. Let q = j + 6. What are the prime factors of q?
2
Suppose 0 = s + 4*n - 160, -2*s = -7*n + 2*n - 268. List the prime factors of s.
2, 3
Let f = 11 + -8. Suppose 4*l - 5*k = 95, -f*l - 50 = -4*l - 4*k. List the prime factors of l.
2, 3, 5
Let b(t) = 2*t**2 + 2*t + 2. Suppose u - 4*j - 1 = 0, 5*j + 8 = 3*u - 4*u. What are the prime factors of b(u)?
2, 7
Suppose n + 1 = -1. Let r be (n/(-4))/(2/72). List the prime factors of 147/r + 2/(-12).
2
Suppose -5*r + 7 = 27. Let g be 1 - 2 - (3 - 2). Let u = g - r. List the prime factors of u.
2
Suppose 0 = -0*g - 4*g. Suppose 0 = -g*t - 3*t + 24. What are the prime factors of t?
2
Let p = -4 + 10. Suppose -3*a - 4*c + 13 = -2*a, -1 = a - 3*c. Suppose -3*l = a*f - 2, -3*l + 4*l - p = f. List the prime factors of l.
2
Let h = -1 + 64. List the prime factors of h.
3, 7
Suppose -3*x - x + 34 = 2*c, 2*c - 4 = 2*x. Let k be 8/6 - (-4)/6. What are the prime factors of c + (-2)/(0 - k)?
2
Let z(b) = b**2 - b - 2. Let y be z(2). Suppose 3*g - 13 = m, g + 2*m = -5 - y. Suppose 2*n - 4*v = -3*v + 24, g*n - 43 = 5*v. List the prime factors of n.
11
Let k(o) = -o**3 + o**2 + o + 1. Let f be k(2). Let r be -1 - (-3)/(2 + f). What are the prime factors of 6/9*15/r?
5
Let f = -12 - -7. List the prime factors of (f/10)/((-1)/16).
2
Let o = -155 + 264. What are the prime factors of o?
109
Let m(i) = i**3 + 12*i**2 + 10*i + 5. Suppose 63 = -5*p - 2*z, p - 2*z + 3 = -0. List the prime factors of m(p).
2
Let y(d) = d**2 - 8*d + 19. What are the prime factors of y(8)?
19
Let b = 23 + -20. List the prime factors of 40 - 0/(-4) - b.
37
Let p(m) be the second derivative of -3*m**5/20 - m**4/12 + 2*m. Let q be p(-1). What are the prime factors of ((-33)/((-6)/q))/1?
11
Let w(o) = 11*o**2 - 3*o. Let y(i) = -22*i**2 + 7*i. Let n(h) = -5*w(h) - 2*y(h). Let k(g) = -g. Let q(z) = -2*k(z) - n(z). List the prime factors of q(1).
2, 3
Suppose r = 3*s + 6, -4*s - 26 = -3*r - 8. Let f = -5 + r. Suppose b = 7 - f. List the prime factors of b.
2, 3
Let f(z) = -z - 2. Let s be f(-6). Let c(x) = x**2 - 2*x - 2. Let v be c(4). What are the prime factors of (-63)/v*s/(-6)?
7
Let y(b) = b**2 - b. Let d be y(1). Suppose 2*p - 3*o - 29 = d, o - 1 = -0. What are the prime factors of p?
2
Let i = 25 - -5. What are the prime factors of i?
2, 3, 5
Suppose -255 = -4*c + 3*s, c + 3*c + 4*s - 276 = 0. What are the prime factors of c?
2, 3, 11
Let z(h) = -h**3 - 15*h**2 - 6*h + 5. List the prime factors of z(-15).
5, 19
Let v(m) = m**2 - m - 3. List the prime factors of v(5).
17
Let s(v) be the first derivative of v**3/3 + 4*v - 2. What are the prime factors of s(-4)?
2, 5
Let s be (-23)/(-5) + (-15)/25. Suppose 0 = 4*l - s*p - 96, 5*p = -15 - 10. List the prime factors of l.
19
Let y be (1 + -4 - 0) + 86. Suppose 4*d = y + 145